{"id":60,"date":"2025-10-10T06:41:35","date_gmt":"2025-10-10T06:41:35","guid":{"rendered":"http:\/\/www.osmancaner.com\/?page_id=60"},"modified":"2025-10-10T06:46:42","modified_gmt":"2025-10-10T06:46:42","slug":"ruhsal-bioenerji-sifacisi-john-of-goda-yolculuk","status":"publish","type":"page","link":"https:\/\/www.osmancaner.com\/index.php\/ruhsal-bioenerji-sifacisi-john-of-goda-yolculuk\/","title":{"rendered":"Ruhsal bioenerji \u015fifac\u0131s\u0131 &#8220;John of God&#8221;a yolculuk"},"content":{"rendered":"\n<p>Ruhsal bioenerji \u015fifac\u0131s\u0131 &#8220;John of God&#8221;a yolculuk<\/p>\n\n\n\n<h4 class=\"wp-block-heading\">B\u00fct\u00fcn d\u00fcnyada \u00fcnl\u00fclerin, krallar\u0131n, krali\u00e7elerin, devlet ba\u015fkanlar\u0131n\u0131n ve d\u00fcnya jet sosyetesinin d\u00fczenli olarak gitti\u011fi ruhsal bioenerji \u015fifac\u0131s\u0131&nbsp;John Of God&#8217;un&nbsp;\u00f6zel merkezine ziyaret ger\u00e7ekle\u015fecek.<\/h4>\n\n\n\n<figure class=\"wp-block-image size-full is-resized\"><img loading=\"lazy\" decoding=\"async\" width=\"740\" height=\"416\" src=\"https:\/\/www.osmancaner.com\/wp-content\/uploads\/2025\/10\/5b07ff3561361f0a2441cda4.webp\" alt=\"\" class=\"wp-image-61\" style=\"width:544px;height:auto\" srcset=\"https:\/\/www.osmancaner.com\/wp-content\/uploads\/2025\/10\/5b07ff3561361f0a2441cda4.webp 740w, https:\/\/www.osmancaner.com\/wp-content\/uploads\/2025\/10\/5b07ff3561361f0a2441cda4-300x169.webp 300w\" sizes=\"auto, (max-width: 740px) 100vw, 740px\" \/><\/figure>\n\n\n\n<p>Her y\u0131l d\u00fcnyadan binlerce insan, ak\u0131n ak\u0131n \u00fcnl\u00fc \u015fifac\u0131\u00a0<strong>John of God<\/strong>&#8216;\u0131 ziyarete Brezilya&#8217;ya gidiyor. Ger\u00e7ekle\u015ftirdi\u011fi psi\u015fik \u015fifaland\u0131rma \u00e7al\u0131\u015fmalar\u0131yla\u00a0tan\u0131nan John Of God\u2019un \u00f6zel merkezinde ziyaret edilece\u011fi Brezilya turu \u00e7e\u015fitli&#8230;&#8230;&#8230;&#8230;&#8230;&#8230; tarihleri aras\u0131nda ger\u00e7ekle\u015fecek.<\/p>\n\n\n\n<p>Brezilya\u2019n\u0131n \u00fcnl\u00fc kristal madenleri \u00fczerine kurulan bu \u00f6zel ar\u0131nma ve \u015fifa merkezine d\u00fczenlenen tur, ziyaret\u00e7ilere John Of God taraf\u0131ndan\u00a0Son of Casa de Dom \u0130nacio\u00a0\u00fcnvan\u0131n\u0131 alan ilk, Oprah\u2019tan sonra John of God ile ilk kez r\u00f6portaj yapan ve John of God \u015eifan\u0131n Eli kitab\u0131n\u0131n yazar\u0131\u00a0<strong>Can Aydo\u011fmu\u015f<\/strong> &#8220;<em>Yazar -Astrolog<\/em>&#8221;\u00a0liderli\u011finde ger\u00e7ekle\u015ftiriliyor. Aydo\u011fmu\u015f&#8217;a John of God&#8217;un merkezinde uzun y\u0131llard\u0131r ya\u015fayan rehberler e\u015flik ediyor.<\/p>\n\n\n\n<p>T\u00fcrkiye\u2019de John of God taraf\u0131ndan onayl\u0131 ilk grup lideri, \u00fcnl\u00fc ki\u015fisel geli\u015fim ve enerji uzman\u0131, Evliyalar ve Y\u00fccelerle Ya\u015famak, \u015eifan\u0131n Eli ve D\u00fc\u015fle \u0130nan Ya\u015fa kitaplar\u0131n\u0131n \u00f6d\u00fcll\u00fc yazar\u0131 Can Aydo\u011fmu\u015f\u2019un br \u00f6\u011fretmen olarak kat\u0131ld\u0131\u011f\u0131, tamamen S\u0131rad\u0131\u015f\u0131 K\u0131talar organizasyonu olarak d\u00fczenleniyor.<\/p>\n\n\n\n<p>Jo\u00e3o de Deus olarak da bilinen Jo\u00e3o Teixeira de Faria, kendini medyum ve psi\u015fik cerrah olarak tan\u0131tan Brezilyal\u0131 bir ki\u015fidir. Brezilya&#8217;n\u0131n Abadi\u00e2nia \u015fehrinde bulunuyordu ve burada Casa de Dom In\u00e1cio de Loyola ad\u0131nda bir manevi \u015fifa merkezi i\u015fletiyordu. 24 Haziran 1942 (83\u00a0y\u0131l ya\u015f\u0131nda)<\/p>\n","protected":false},"excerpt":{"rendered":"<p>Ruhsal bioenerji \u015fifac\u0131s\u0131 &#8220;John of God&#8221;a yolculuk B\u00fct\u00fcn d\u00fcnyada \u00fcnl\u00fclerin, krallar\u0131n, krali\u00e7elerin, devlet ba\u015fkanlar\u0131n\u0131n ve d\u00fcnya jet sosyetesinin d\u00fczenli olarak gitti\u011fi ruhsal bioenerji \u015fifac\u0131s\u0131&nbsp;John Of God&#8217;un&nbsp;\u00f6zel merkezine ziyaret ger\u00e7ekle\u015fecek. Her y\u0131l d\u00fcnyadan binlerce insan, ak\u0131n ak\u0131n \u00fcnl\u00fc \u015fifac\u0131\u00a0John of God&#8216;\u0131 ziyarete Brezilya&#8217;ya gidiyor. Ger\u00e7ekle\u015ftirdi\u011fi psi\u015fik \u015fifaland\u0131rma \u00e7al\u0131\u015fmalar\u0131yla\u00a0tan\u0131nan John Of God\u2019un \u00f6zel merkezinde ziyaret edilece\u011fi Brezilya [&hellip;]<\/p>\n","protected":false},"author":1,"featured_media":0,"parent":0,"menu_order":0,"comment_status":"closed","ping_status":"closed","template":"","meta":{"footnotes":""},"class_list":["post-60","page","type-page","status-publish","hentry"],"_links":{"self":[{"href":"https:\/\/www.osmancaner.com\/index.php\/wp-json\/wp\/v2\/pages\/60","targetHints":{"allow":["GET"]}}],"collection":[{"href":"https:\/\/www.osmancaner.com\/index.php\/wp-json\/wp\/v2\/pages"}],"about":[{"href":"https:\/\/www.osmancaner.com\/index.php\/wp-json\/wp\/v2\/types\/page"}],"author":[{"embeddable":true,"href":"https:\/\/www.osmancaner.com\/index.php\/wp-json\/wp\/v2\/users\/1"}],"replies":[{"embeddable":true,"href":"https:\/\/www.osmancaner.com\/index.php\/wp-json\/wp\/v2\/comments?post=60"}],"version-history":[{"count":5,"href":"https:\/\/www.osmancaner.com\/index.php\/wp-json\/wp\/v2\/pages\/60\/revisions"}],"predecessor-version":[{"id":69,"href":"https:\/\/www.osmancaner.com\/index.php\/wp-json\/wp\/v2\/pages\/60\/revisions\/69"}],"wp:attachment":[{"href":"https:\/\/www.osmancaner.com\/index.php\/wp-json\/wp\/v2\/media?parent=60"}],"curies":[{"name":"wp","href":"https:\/\/api.w.org\/{rel}","templated":true}]}}