{"id":57,"date":"2025-10-10T06:34:31","date_gmt":"2025-10-10T06:34:31","guid":{"rendered":"http:\/\/www.osmancaner.com\/?page_id=57"},"modified":"2025-10-10T06:34:32","modified_gmt":"2025-10-10T06:34:32","slug":"bioenerji-nedir-hangi-hastaliklara-iyi-gelir","status":"publish","type":"page","link":"https:\/\/www.osmancaner.com\/index.php\/bioenerji-nedir-hangi-hastaliklara-iyi-gelir\/","title":{"rendered":"Bioenerji nedir, hangi hastal\u0131klara iyi gelir?"},"content":{"rendered":"\n<p>Bioenerji nedir, hangi hastal\u0131klara iyi gelir?<\/p>\n\n\n\n<p>Biyoenerji, enerji sa\u011falt\u0131m\u0131(terapisi), <strong>ruhsal \u015fifa ya da enerji t\u0131bb\u0131 olarak da bilinen bir t\u00fcr tamamlay\u0131c\u0131 t\u0131p dal\u0131d\u0131r<\/strong>. Do\u011fa\u00f6tesi olmas\u0131 nedeniyle s\u00f6zdebilim say\u0131lmas\u0131na kar\u015f\u0131n uygulay\u0131c\u0131lar\u0131 iyile\u015ftirici etkisinin oldu\u011funa inanmaktad\u0131r.<\/p>\n","protected":false},"excerpt":{"rendered":"<p>Bioenerji nedir, hangi hastal\u0131klara iyi gelir? Biyoenerji, enerji sa\u011falt\u0131m\u0131(terapisi), ruhsal \u015fifa ya da enerji t\u0131bb\u0131 olarak da bilinen bir t\u00fcr tamamlay\u0131c\u0131 t\u0131p dal\u0131d\u0131r. Do\u011fa\u00f6tesi olmas\u0131 nedeniyle s\u00f6zdebilim say\u0131lmas\u0131na kar\u015f\u0131n uygulay\u0131c\u0131lar\u0131 iyile\u015ftirici etkisinin oldu\u011funa inanmaktad\u0131r.<\/p>\n","protected":false},"author":1,"featured_media":0,"parent":0,"menu_order":0,"comment_status":"closed","ping_status":"closed","template":"","meta":{"footnotes":""},"class_list":["post-57","page","type-page","status-publish","hentry"],"_links":{"self":[{"href":"https:\/\/www.osmancaner.com\/index.php\/wp-json\/wp\/v2\/pages\/57","targetHints":{"allow":["GET"]}}],"collection":[{"href":"https:\/\/www.osmancaner.com\/index.php\/wp-json\/wp\/v2\/pages"}],"about":[{"href":"https:\/\/www.osmancaner.com\/index.php\/wp-json\/wp\/v2\/types\/page"}],"author":[{"embeddable":true,"href":"https:\/\/www.osmancaner.com\/index.php\/wp-json\/wp\/v2\/users\/1"}],"replies":[{"embeddable":true,"href":"https:\/\/www.osmancaner.com\/index.php\/wp-json\/wp\/v2\/comments?post=57"}],"version-history":[{"count":1,"href":"https:\/\/www.osmancaner.com\/index.php\/wp-json\/wp\/v2\/pages\/57\/revisions"}],"predecessor-version":[{"id":59,"href":"https:\/\/www.osmancaner.com\/index.php\/wp-json\/wp\/v2\/pages\/57\/revisions\/59"}],"wp:attachment":[{"href":"https:\/\/www.osmancaner.com\/index.php\/wp-json\/wp\/v2\/media?parent=57"}],"curies":[{"name":"wp","href":"https:\/\/api.w.org\/{rel}","templated":true}]}}